{"id":3832,"date":"2026-03-05T17:23:13","date_gmt":"2026-03-05T16:23:13","guid":{"rendered":"https:\/\/gptq4.probar.com.es\/?page_id=3832"},"modified":"2026-04-07T12:27:35","modified_gmt":"2026-04-07T10:27:35","slug":"politica-privacidad","status":"publish","type":"page","link":"https:\/\/gptq4.probar.com.es\/index.php\/politica-privacidad\/","title":{"rendered":"Pol\u00edtica de privacidad"},"content":{"rendered":"\t\t<div data-elementor-type=\"wp-page\" data-elementor-id=\"3832\" class=\"elementor elementor-3832\" data-elementor-post-type=\"page\">\n\t\t\t\t<div class=\"elementor-element elementor-element-8d8b7ee e-con-full e-flex e-con e-parent\" data-id=\"8d8b7ee\" data-element_type=\"container\" data-e-type=\"container\" data-settings=\"{&quot;background_background&quot;:&quot;classic&quot;}\">\n\t\t<div class=\"elementor-element elementor-element-2a4da581 e-con-full e-flex e-con e-child\" data-id=\"2a4da581\" data-element_type=\"container\" data-e-type=\"container\">\n\t\t\t\t<div class=\"elementor-element elementor-element-6dbe3659 elementor-nav-menu--stretch elementor-widget-tablet__width-initial elementor-nav-menu--dropdown-tablet elementor-nav-menu__text-align-aside elementor-nav-menu--toggle elementor-nav-menu--burger elementor-invisible elementor-widget elementor-widget-nav-menu\" data-id=\"6dbe3659\" data-element_type=\"widget\" data-e-type=\"widget\" data-settings=\"{&quot;full_width&quot;:&quot;stretch&quot;,&quot;_animation&quot;:&quot;fadeInDown&quot;,&quot;_animation_delay&quot;:300,&quot;layout&quot;:&quot;horizontal&quot;,&quot;submenu_icon&quot;:{&quot;value&quot;:&quot;&lt;svg aria-hidden=\\&quot;true\\&quot; class=\\&quot;e-font-icon-svg e-fas-caret-down\\&quot; viewBox=\\&quot;0 0 320 512\\&quot; xmlns=\\&quot;http:\\\/\\\/www.w3.org\\\/2000\\\/svg\\&quot;&gt;&lt;path d=\\&quot;M31.3 192h257.3c17.8 0 26.7 21.5 14.1 34.1L174.1 354.8c-7.8 7.8-20.5 7.8-28.3 0L17.2 226.1C4.6 213.5 13.5 192 31.3 192z\\&quot;&gt;&lt;\\\/path&gt;&lt;\\\/svg&gt;&quot;,&quot;library&quot;:&quot;fa-solid&quot;},&quot;toggle&quot;:&quot;burger&quot;}\" data-widget_type=\"nav-menu.default\">\n\t\t\t\t\t\t\t\t<nav aria-label=\"Menu\" class=\"elementor-nav-menu--main elementor-nav-menu__container elementor-nav-menu--layout-horizontal e--pointer-underline e--animation-slide\">\n\t\t\t\t<ul id=\"menu-1-6dbe3659\" class=\"elementor-nav-menu\"><li class=\"menu-item menu-item-type-post_type menu-item-object-page menu-item-home menu-item-2237\"><a href=\"https:\/\/gptq4.probar.com.es\/\" class=\"elementor-item\">HOME<\/a><\/li>\n<li class=\"menu-item menu-item-type-post_type menu-item-object-page menu-item-1627\"><a href=\"https:\/\/gptq4.probar.com.es\/index.php\/estudio\/\" class=\"elementor-item\">ESTUDIO<\/a><\/li>\n<li class=\"menu-item menu-item-type-post_type menu-item-object-page menu-item-1850\"><a href=\"https:\/\/gptq4.probar.com.es\/index.php\/servicios\/\" class=\"elementor-item\">SERVICIOS<\/a><\/li>\n<li class=\"menu-item menu-item-type-post_type menu-item-object-page menu-item-2074\"><a href=\"https:\/\/gptq4.probar.com.es\/index.php\/proyectos\/\" class=\"elementor-item\">PROYECTOS<\/a><\/li>\n<li class=\"menu-item menu-item-type-post_type menu-item-object-page menu-item-2230\"><a href=\"https:\/\/gptq4.probar.com.es\/index.php\/contacto\/\" class=\"elementor-item\">CONTACTO<\/a><\/li>\n<\/ul>\t\t\t<\/nav>\n\t\t\t\t\t<div class=\"elementor-menu-toggle\" role=\"button\" tabindex=\"0\" aria-label=\"Menu Toggle\" aria-expanded=\"false\">\n\t\t\t<svg aria-hidden=\"true\" role=\"presentation\" class=\"elementor-menu-toggle__icon--open e-font-icon-svg e-eicon-menu-bar\" viewBox=\"0 0 1000 1000\" xmlns=\"http:\/\/www.w3.org\/2000\/svg\"><path d=\"M104 333H896C929 333 958 304 958 271S929 208 896 208H104C71 208 42 237 42 271S71 333 104 333ZM104 583H896C929 583 958 554 958 521S929 458 896 458H104C71 458 42 487 42 521S71 583 104 583ZM104 833H896C929 833 958 804 958 771S929 708 896 708H104C71 708 42 737 42 771S71 833 104 833Z\"><\/path><\/svg><svg aria-hidden=\"true\" role=\"presentation\" class=\"elementor-menu-toggle__icon--close e-font-icon-svg e-eicon-close\" viewBox=\"0 0 1000 1000\" xmlns=\"http:\/\/www.w3.org\/2000\/svg\"><path d=\"M742 167L500 408 258 167C246 154 233 150 217 150 196 150 179 158 167 167 154 179 150 196 150 212 150 229 154 242 171 254L408 500 167 742C138 771 138 800 167 829 196 858 225 858 254 829L496 587 738 829C750 842 767 846 783 846 800 846 817 842 829 829 842 817 846 804 846 783 846 767 842 750 829 737L588 500 833 258C863 229 863 200 833 171 804 137 775 137 742 167Z\"><\/path><\/svg>\t\t<\/div>\n\t\t\t\t\t<nav class=\"elementor-nav-menu--dropdown elementor-nav-menu__container\" aria-hidden=\"true\">\n\t\t\t\t<ul id=\"menu-2-6dbe3659\" class=\"elementor-nav-menu\"><li class=\"menu-item menu-item-type-post_type menu-item-object-page menu-item-home menu-item-2237\"><a href=\"https:\/\/gptq4.probar.com.es\/\" class=\"elementor-item\" tabindex=\"-1\">HOME<\/a><\/li>\n<li class=\"menu-item menu-item-type-post_type menu-item-object-page menu-item-1627\"><a href=\"https:\/\/gptq4.probar.com.es\/index.php\/estudio\/\" class=\"elementor-item\" tabindex=\"-1\">ESTUDIO<\/a><\/li>\n<li class=\"menu-item menu-item-type-post_type menu-item-object-page menu-item-1850\"><a href=\"https:\/\/gptq4.probar.com.es\/index.php\/servicios\/\" class=\"elementor-item\" tabindex=\"-1\">SERVICIOS<\/a><\/li>\n<li class=\"menu-item menu-item-type-post_type menu-item-object-page menu-item-2074\"><a href=\"https:\/\/gptq4.probar.com.es\/index.php\/proyectos\/\" class=\"elementor-item\" tabindex=\"-1\">PROYECTOS<\/a><\/li>\n<li class=\"menu-item menu-item-type-post_type menu-item-object-page menu-item-2230\"><a href=\"https:\/\/gptq4.probar.com.es\/index.php\/contacto\/\" class=\"elementor-item\" tabindex=\"-1\">CONTACTO<\/a><\/li>\n<\/ul>\t\t\t<\/nav>\n\t\t\t\t\t\t<\/div>\n\t\t\t\t<\/div>\n\t\t<div class=\"elementor-element elementor-element-6a90f3e4 e-con-full e-flex e-con e-child\" data-id=\"6a90f3e4\" data-element_type=\"container\" data-e-type=\"container\">\n\t\t\t\t<div class=\"elementor-element elementor-element-6a1acff8 elementor-widget-tablet__width-initial elementor-widget-mobile__width-initial elementor-invisible elementor-widget elementor-widget-theme-site-logo elementor-widget-image\" data-id=\"6a1acff8\" data-element_type=\"widget\" data-e-type=\"widget\" data-settings=\"{&quot;_animation&quot;:&quot;zoomIn&quot;,&quot;_animation_delay&quot;:400,&quot;_animation_mobile&quot;:&quot;fadeInDown&quot;}\" data-widget_type=\"theme-site-logo.default\">\n\t\t\t\t\t\t\t\t\t\t\t<a href=\"https:\/\/gptq4.probar.com.es\">\n\t\t\t<img decoding=\"async\" width=\"100\" height=\"100\" src=\"https:\/\/gptq4.probar.com.es\/wp-content\/uploads\/2026\/02\/logo-conica.svg\" class=\"attachment-full size-full wp-image-29\" alt=\"\" \/>\t\t\t\t<\/a>\n\t\t\t\t\t\t\t\t\t\t\t<\/div>\n\t\t\t\t<\/div>\n\t\t\t\t<\/div>\n\t\t<div class=\"elementor-element elementor-element-9930c2b e-con-full e-flex e-con e-parent\" data-id=\"9930c2b\" data-element_type=\"container\" data-e-type=\"container\">\n\t\t<div class=\"elementor-element elementor-element-640d8d5 e-con-full e-flex e-con e-child\" data-id=\"640d8d5\" data-element_type=\"container\" data-e-type=\"container\" data-settings=\"{&quot;background_background&quot;:&quot;classic&quot;}\">\n\t\t<div class=\"elementor-element elementor-element-d079c80 e-con-full e-flex e-con e-child\" data-id=\"d079c80\" data-element_type=\"container\" data-e-type=\"container\">\n\t\t<div class=\"elementor-element elementor-element-23a5525 e-con-full e-flex e-con e-child\" data-id=\"23a5525\" data-element_type=\"container\" data-e-type=\"container\">\n\t\t<div class=\"elementor-element elementor-element-eb96edb e-con-full e-flex e-con e-child\" data-id=\"eb96edb\" data-element_type=\"container\" data-e-type=\"container\">\n\t\t\t\t<div class=\"elementor-element elementor-element-56123b2 elementor-widget elementor-widget-heading\" data-id=\"56123b2\" data-element_type=\"widget\" data-e-type=\"widget\" data-widget_type=\"heading.default\">\n\t\t\t\t\t<h1 class=\"elementor-heading-title elementor-size-default\">Pol\u00edtica de privacidad<\/h1>\t\t\t\t<\/div>\n\t\t\t\t<\/div>\n\t\t\t\t<\/div>\n\t\t<div class=\"elementor-element elementor-element-46b033a e-con-full e-flex e-con e-child\" data-id=\"46b033a\" data-element_type=\"container\" data-e-type=\"container\">\n\t\t<div class=\"elementor-element elementor-element-29f7009 e-con-full e-flex e-con e-child\" data-id=\"29f7009\" data-element_type=\"container\" data-e-type=\"container\">\n\t\t\t\t<div class=\"elementor-element elementor-element-6914fd3 elementor-widget__width-initial elementor-widget elementor-widget-text-editor\" data-id=\"6914fd3\" data-element_type=\"widget\" data-e-type=\"widget\" data-widget_type=\"text-editor.default\">\n\t\t\t\t\t\t\t\t\t<p>La presente Pol\u00edtica de Privacidad establece los t\u00e9rminos en que C\u00f3nica Estudio usa y protege la informaci\u00f3n que es proporcionada por sus usuarios al momento de utilizar su sitio web y \/o contrato de servicios. Esta compa\u00f1\u00eda est\u00e1 comprometida con la seguridad de los datos de sus usuarios. Cuando le pedimos llenar los campos de informaci\u00f3n personal con la cual usted pueda ser identificado, lo hacemos asegurando que s\u00f3lo se emplear\u00e1 de acuerdo con los t\u00e9rminos de este documento. Sin embargo, esta Pol\u00edtica de privacidad puede cambiar con el tiempo o ser actualizada por lo que le recomendamos y enfatizamos revisar peri\u00f3dicamente esta p\u00e1gina para asegurarse que est\u00e1 de acuerdo con cualquier posible cambio futuro. Al utilizar el presente Sitio Web, las Aplicaciones, y\/o al comunicarse electr\u00f3nicamente con C\u00f3nica Estudio, se podr\u00e1n recoger y tratar datos personales de cada Usuario, el tratamiento de los cuales se rige por la presente pol\u00edtica de privacidad. Esta web, por tanto, cumple rigurosamente con La Ley Org\u00e1nica 15\/1999, de 13 de diciembre, de Protecci\u00f3n de Datos de Car\u00e1cter Personal (LOPD), y con el Real Decreto 1720\/2007, de 21 de diciembre, conocido como el Reglamento de desarrollo de la LOPD. Cumple tambi\u00e9n con el Reglamento (UE) 2016\/679 del Parlamento Europeo y del Consejo de 27 de abril de 2016 relativo a la protecci\u00f3n de las personas f\u00edsicas (RGPD), La Ley Org\u00e1nica 3\/2018 de 5 de diciembre de Protecci\u00f3n de Datos Personales y garant\u00eda de los derechos digitales, as\u00ed como con la Ley 34\/2002, de 11 de julio, de Servicios de la Sociedad de la Informaci\u00f3n y Comercio Electr\u00f3nico (LSSICE \u00f3 LSSI).<\/p><p><strong>Responsable del tratamiento:<\/strong><br \/>El responsable de tratar los datos personales que el usuario facilite a trav\u00e9s de esta web y\/aplicaciones es C\u00f3nica Estudio.<\/p><p><strong>Datos recogidos:<\/strong><br \/>Los datos que tratamos son:<\/p><p>\u2013 E-mail<br \/>\u2013 Tel\u00e9fono<br \/>\u2013 Documentaci\u00f3n que aporta el usuario de manera voluntaria para el estudio de su asunto<br \/>\u2013 Direcci\u00f3n IP, Cookies y similares.<\/p><p>La direcci\u00f3n IP es un c\u00f3digo que identifica la conexi\u00f3n a internet del Usuario en un momento concreto, y las Cookies son ficheros que se descargan al navegador del Usuario y que pueden ser le\u00eddos posteriormente por el sitio web. Suscripci\u00f3n a nuestras newsletters y\/o publicaciones. Los datos recogidos ser\u00e1n los datos identificativos necesarios para poder hacerle llegar el contenido al que se ha suscrito.<\/p><p><strong>Finalidad del tratamiento:<\/strong><br \/>Los datos personales que los usuarios han facilitado de manera voluntaria y aceptando las presentes condiciones, se recogen y tratan con la finalidad de gestionar la relaci\u00f3n con C\u00f3nica Estudio, estudio de su asunto, inscripci\u00f3n en eventos, inscripci\u00f3n en newsletters, para gestionar el uso de la web y, cuando as\u00ed lo permita la normativa aplicable, para el env\u00edo recurrente de informaci\u00f3n.<\/p><p>Sus datos personales se recoger\u00e1n y tratar\u00e1n para responder a las consultas o cuestiones que pueda remitir a trav\u00e9s del Sitio Web o Aplicaciones. Legitimaci\u00f3n y conservaci\u00f3n La legitimaci\u00f3n para el tratamiento de la direcci\u00f3n IP es la necesidad para posibilitar la conexi\u00f3n con el sitio web a trav\u00e9s de Internet, siendo el inter\u00e9s leg\u00edtimo de C\u00f3nica Estudio para el caso de mantener la relaci\u00f3n existente con el Usuario as\u00ed como el env\u00edo de informaci\u00f3n jur\u00eddica y de actividades de la Firma. En el caso de suscripci\u00f3n a nuestras publicaciones y\/o eventos, as\u00ed como la solicitud por los Usuarios de informaci\u00f3n o determinados servicios, la legitimaci\u00f3n ser\u00e1 el propio consentimiento del Usuario. Por tanto, C\u00f3nica Estudio recoger\u00e1 y tratar\u00e1 sus datos mientras la relaci\u00f3n siga vigente y, o el Usuario no revoque el consentimiento que ha prestado al tratamiento de sus datos. En todo caso, cuando los datos personales dejen de ser necesarios para el fin para el que fueron recabados, y mientras existan responsabilidades legales o contractuales que requieran conservarlos, se conservar\u00e1n de forma bloqueada hasta que se proceda a la cancelaci\u00f3n definitiva de los mismos. En el caso de que se traten datos para el env\u00edo de comunicaciones, se podr\u00e1n mantener mientras el Usuario no se oponga a recibir dichas comunicaciones por cualquiera de los medios que se ponen a su disposici\u00f3n.<\/p><p><strong>Comunicaci\u00f3n:<\/strong><br \/>C\u00f3nica Estudio no comunicar\u00e1 dichos datos a terceros, salvo cuando sea estrictamente necesario para gestionar y mantener la relaci\u00f3n o previa autorizaci\u00f3n por su parte, as\u00ed como sea requerido por la justicia.<\/p><p><strong>Medidas de seguridad:<\/strong><br \/>Los datos personales comunicados por el usuario a https:\/\/conicaestudio.com pueden ser almacenados en bases de datos automatizadas o no, cuya titularidad corresponde en exclusiva a C\u00f3nica Estudio, asumiendo \u00e9sta todas las medidas de \u00edndole t\u00e9cnica, organizativa y de seguridad que garantizan la confidencialidad, integridad y calidad de la informaci\u00f3n contenida en las mismas de acuerdo con lo establecido en la normativa vigente en protecci\u00f3n de datos. La comunicaci\u00f3n entre los usuarios y https:\/\/conicaestudio.com utiliza un canal seguro y los datos transmitidos son cifrados gracias a protocolos como https, por tanto, se garantiza las mejores condiciones de seguridad para que la confidencialidad de los usuarios est\u00e9 salvaguardada.<\/p><p><strong>Derechos:<\/strong><br \/>Le informamos que puede ejercer sus derechos de acceso, rectificaci\u00f3n, supresi\u00f3n, oposici\u00f3n y portabilidad con arreglo a lo previsto en Reglamento General de Protecci\u00f3n de Datos UE 2016\/679 y Ley Org\u00e1nica 3\/2018 de 5 de Diciembre de Protecci\u00f3n de Datos Personales y garant\u00eda de los derechos digitales enviando un mail a hola@conicaestudio.com. Informaci\u00f3n que es recogida\u2028Nuestro sitio web y\/o contrato de servicios podr\u00e1 recoger informaci\u00f3n personal, por ejemplo: Nombre, informaci\u00f3n de contacto como su direcci\u00f3n de correo electr\u00f3nico, informaci\u00f3n demogr\u00e1fica, etc. As\u00ed mismo, cuando sea necesario, podr\u00e1 ser requerida informaci\u00f3n espec\u00edfica para procesar alg\u00fan pedido o realizar una entrega o facturaci\u00f3n.<\/p><p><strong>Uso de la informaci\u00f3n recogida\u2028:<\/strong><br \/>El responsable del tratamiento de los datos personales facilitados en el formulario de contacto es C\u00f3nica Estudio quien va a tratarlos con la finalidad de atender las consultas que nos plantee a trav\u00e9s del mismo. En funci\u00f3n de la consulta planteada es posible que tengamos que ceder sus datos personales a los diferentes colaboradores internos de la marca, pudiendo acceder a sus datos para prestarle los servicios requeridos. Tiene los derechos de acceso, rectificaci\u00f3n, supresi\u00f3n, oposici\u00f3n y portabilidad, pudiendo remitirnos un correo electr\u00f3nico a tal efecto, o bien poni\u00e9ndose en contacto con nosotros por correo ordinario.<\/p><p>Al hacer click en el bot\u00f3n \u201cEnviar\u201d declara conocer y entender la pol\u00edtica de privacidad de C\u00f3nica Estudio.<\/p><p><strong>Enlaces a terceros:<\/strong><br \/>La presente Pol\u00edtica de Privacidad se refiere \u00fanicamente al Sitio Web y las Aplicaciones y contenidos de C\u00f3nica Estudio, y no se aplica a enlaces, p\u00e1ginas web y\/o aplicaciones de terceros accesibles a trav\u00e9s del mismo o, en general, cualquier otro servicio proporcionado por terceros. Comunicaci\u00f3n: Para el caso de que los usuarios quieran comunicarse con C\u00f3nica Estudio, deber\u00e1n dirigirse a hola@conicaestudio.com<\/p>\t\t\t\t\t\t\t\t<\/div>\n\t\t\t\t<\/div>\n\t\t\t\t<\/div>\n\t\t\t\t<\/div>\n\t\t<div class=\"elementor-element elementor-element-412b033 e-con-full e-flex e-con e-child\" data-id=\"412b033\" data-element_type=\"container\" data-e-type=\"container\" data-settings=\"{&quot;background_background&quot;:&quot;classic&quot;}\">\n\t\t\t\t<div class=\"elementor-element elementor-element-a8de2f9 elementor-nav-menu__align-start elementor-nav-menu--dropdown-none elementor-widget elementor-widget-nav-menu\" data-id=\"a8de2f9\" data-element_type=\"widget\" data-e-type=\"widget\" data-settings=\"{&quot;layout&quot;:&quot;horizontal&quot;,&quot;submenu_icon&quot;:{&quot;value&quot;:&quot;&lt;svg aria-hidden=\\&quot;true\\&quot; class=\\&quot;e-font-icon-svg e-fas-caret-down\\&quot; viewBox=\\&quot;0 0 320 512\\&quot; xmlns=\\&quot;http:\\\/\\\/www.w3.org\\\/2000\\\/svg\\&quot;&gt;&lt;path d=\\&quot;M31.3 192h257.3c17.8 0 26.7 21.5 14.1 34.1L174.1 354.8c-7.8 7.8-20.5 7.8-28.3 0L17.2 226.1C4.6 213.5 13.5 192 31.3 192z\\&quot;&gt;&lt;\\\/path&gt;&lt;\\\/svg&gt;&quot;,&quot;library&quot;:&quot;fa-solid&quot;}}\" data-widget_type=\"nav-menu.default\">\n\t\t\t\t\t\t\t\t<nav aria-label=\"Menu\" class=\"elementor-nav-menu--main elementor-nav-menu__container elementor-nav-menu--layout-horizontal e--pointer-none\">\n\t\t\t\t<ul id=\"menu-1-a8de2f9\" class=\"elementor-nav-menu\"><li class=\"menu-item menu-item-type-custom menu-item-object-custom menu-item-3294\"><a href=\"#pll_switcher\" class=\"elementor-item elementor-item-anchor\">Idiomas<\/a><\/li>\n<\/ul>\t\t\t<\/nav>\n\t\t\t\t\t\t<nav class=\"elementor-nav-menu--dropdown elementor-nav-menu__container\" aria-hidden=\"true\">\n\t\t\t\t<ul id=\"menu-2-a8de2f9\" class=\"elementor-nav-menu\"><li class=\"menu-item menu-item-type-custom menu-item-object-custom menu-item-3294\"><a href=\"#pll_switcher\" class=\"elementor-item elementor-item-anchor\" tabindex=\"-1\">Idiomas<\/a><\/li>\n<\/ul>\t\t\t<\/nav>\n\t\t\t\t\t\t<\/div>\n\t\t\t\t<\/div>\n\t\t\t\t<\/div>\n\t\t\t\t<\/div>\n\t\t<div class=\"elementor-element elementor-element-04d34f0 e-con-full e-flex e-con e-parent\" data-id=\"04d34f0\" data-element_type=\"container\" data-e-type=\"container\" data-settings=\"{&quot;background_background&quot;:&quot;classic&quot;}\">\n\t\t<div class=\"elementor-element elementor-element-aadc2d9 e-con-full e-flex e-con e-child\" data-id=\"aadc2d9\" data-element_type=\"container\" data-e-type=\"container\">\n\t\t<div class=\"elementor-element elementor-element-d0a35a7 e-con-full e-flex e-con e-child\" data-id=\"d0a35a7\" data-element_type=\"container\" data-e-type=\"container\">\n\t\t<div class=\"elementor-element elementor-element-3f559e2 e-con-full e-flex e-con e-child\" data-id=\"3f559e2\" data-element_type=\"container\" data-e-type=\"container\">\n\t\t\t\t<div class=\"elementor-element elementor-element-b43e3be elementor-widget elementor-widget-image\" data-id=\"b43e3be\" data-element_type=\"widget\" data-e-type=\"widget\" data-widget_type=\"image.default\">\n\t\t\t\t\t\t\t\t\t\t\t\t\t\t\t<img decoding=\"async\" width=\"100\" height=\"100\" src=\"https:\/\/gptq4.probar.com.es\/wp-content\/uploads\/2026\/02\/logo-conica.svg\" class=\"attachment-full size-full wp-image-29\" alt=\"\" \/>\t\t\t\t\t\t\t\t\t\t\t\t\t\t\t<\/div>\n\t\t\t\t<\/div>\n\t\t<div class=\"elementor-element elementor-element-4deb960 e-con-full e-flex e-con e-child\" data-id=\"4deb960\" data-element_type=\"container\" data-e-type=\"container\">\n\t\t<div class=\"elementor-element elementor-element-88a9e67 e-con-full e-flex e-con e-child\" data-id=\"88a9e67\" data-element_type=\"container\" data-e-type=\"container\">\n\t\t\t\t<div class=\"elementor-element elementor-element-34734aa elementor-widget elementor-widget-text-editor\" data-id=\"34734aa\" data-element_type=\"widget\" data-e-type=\"widget\" data-widget_type=\"text-editor.default\">\n\t\t\t\t\t\t\t\t\t<p><b>\u00a9 C\u00f3nica Estudio. 2026 <\/b><\/p><p>Plaza Luceros, 17<b><span class=\"Apple-converted-space\"><br \/><\/span><\/b>Planta 4, oficina 3<br \/>03004, Alicante<\/p>\t\t\t\t\t\t\t\t<\/div>\n\t\t\t\t<\/div>\n\t\t<div class=\"elementor-element elementor-element-ec8aa8b e-con-full e-flex e-con e-child\" data-id=\"ec8aa8b\" data-element_type=\"container\" data-e-type=\"container\">\n\t\t<div class=\"elementor-element elementor-element-fc13940 e-con-full e-flex e-con e-child\" data-id=\"fc13940\" data-element_type=\"container\" data-e-type=\"container\">\n\t\t\t\t<div class=\"elementor-element elementor-element-b83c68f elementor-widget elementor-widget-text-editor\" data-id=\"b83c68f\" data-element_type=\"widget\" data-e-type=\"widget\" data-widget_type=\"text-editor.default\">\n\t\t\t\t\t\t\t\t\t<p><b>E-mail<\/b><b><\/b><\/p><p>hola@conicaestudio.com<\/p>\t\t\t\t\t\t\t\t<\/div>\n\t\t\t\t<\/div>\n\t\t<div class=\"elementor-element elementor-element-b8c237a e-con-full e-flex e-con e-child\" data-id=\"b8c237a\" data-element_type=\"container\" data-e-type=\"container\">\n\t\t\t\t<div class=\"elementor-element elementor-element-780855d elementor-widget elementor-widget-text-editor\" data-id=\"780855d\" data-element_type=\"widget\" data-e-type=\"widget\" data-widget_type=\"text-editor.default\">\n\t\t\t\t\t\t\t\t\t<p><strong>Tel\u00e9fono<\/strong><\/p><p>617 396 562<\/p>\t\t\t\t\t\t\t\t<\/div>\n\t\t\t\t<\/div>\n\t\t\t\t<\/div>\n\t\t\t\t<\/div>\n\t\t<div class=\"elementor-element elementor-element-dce99b1 e-con-full e-flex e-con e-child\" data-id=\"dce99b1\" data-element_type=\"container\" data-e-type=\"container\">\n\t\t\t\t<div class=\"elementor-element elementor-element-2d6cd11 elementor-widget elementor-widget-text-editor\" data-id=\"2d6cd11\" data-element_type=\"widget\" data-e-type=\"widget\" data-widget_type=\"text-editor.default\">\n\t\t\t\t\t\t\t\t\t<p><b>\u00cdndice<\/b><\/p><p>Home<br \/>Estudio<br \/>Servicios<br \/>Proyectos<br \/>Contacto<\/p>\t\t\t\t\t\t\t\t<\/div>\n\t\t\t\t<\/div>\n\t\t\t\t<\/div>\n\t\t<div class=\"elementor-element elementor-element-dbf2e13 e-con-full e-flex e-con e-child\" data-id=\"dbf2e13\" data-element_type=\"container\" data-e-type=\"container\">\n\t\t<div class=\"elementor-element elementor-element-149a99d e-con-full e-flex e-con e-child\" data-id=\"149a99d\" data-element_type=\"container\" data-e-type=\"container\">\n\t\t\t\t<\/div>\n\t\t<div class=\"elementor-element elementor-element-d1ea9dd e-con-full e-flex e-con e-child\" data-id=\"d1ea9dd\" data-element_type=\"container\" data-e-type=\"container\">\n\t\t\t\t<div class=\"elementor-element elementor-element-c20124f elementor-widget elementor-widget-text-editor\" data-id=\"c20124f\" data-element_type=\"widget\" data-e-type=\"widget\" data-widget_type=\"text-editor.default\">\n\t\t\t\t\t\t\t\t\t<p><b>Legal<\/b><\/p><p>Pol\u00edtica de privacidad | Condiciones de uso<br \/>Pol\u00edtica de cookies | Declaraci\u00f3n de accesibilidad<\/p>\t\t\t\t\t\t\t\t<\/div>\n\t\t\t\t<\/div>\n\t\t<div class=\"elementor-element elementor-element-d991d7d e-con-full e-flex e-con e-child\" data-id=\"d991d7d\" data-element_type=\"container\" data-e-type=\"container\">\n\t\t\t\t<div class=\"elementor-element elementor-element-919dbc3 elementor-widget elementor-widget-text-editor\" data-id=\"919dbc3\" data-element_type=\"widget\" data-e-type=\"widget\" data-widget_type=\"text-editor.default\">\n\t\t\t\t\t\t\t\t\t<p><b>Social<\/b><b><\/b><\/p><p>Instagram<br \/>Facebook<\/p>\t\t\t\t\t\t\t\t<\/div>\n\t\t\t\t<\/div>\n\t\t\t\t<\/div>\n\t\t\t\t<\/div>\n\t\t<div class=\"elementor-element elementor-element-2741a6c e-con-full e-flex e-con e-child\" data-id=\"2741a6c\" data-element_type=\"container\" data-e-type=\"container\">\n\t\t<div class=\"elementor-element elementor-element-b66abcd e-con-full e-flex e-con e-child\" data-id=\"b66abcd\" data-element_type=\"container\" data-e-type=\"container\">\n\t\t<div class=\"elementor-element elementor-element-0366ec7 e-con-full e-flex e-con e-child\" data-id=\"0366ec7\" data-element_type=\"container\" data-e-type=\"container\">\n\t\t\t\t<\/div>\n\t\t<div class=\"elementor-element elementor-element-def05ff e-con-full e-flex e-con e-child\" data-id=\"def05ff\" data-element_type=\"container\" data-e-type=\"container\">\n\t\t\t\t<div class=\"elementor-element elementor-element-9b7c9b6 elementor-widget elementor-widget-image\" data-id=\"9b7c9b6\" data-element_type=\"widget\" data-e-type=\"widget\" data-widget_type=\"image.default\">\n\t\t\t\t\t\t\t\t\t\t\t\t\t\t\t<img decoding=\"async\" width=\"100\" height=\"100\" src=\"https:\/\/gptq4.probar.com.es\/wp-content\/uploads\/2026\/02\/financiado.svg\" class=\"attachment-full size-full wp-image-938\" alt=\"\" \/>\t\t\t\t\t\t\t\t\t\t\t\t\t\t\t<\/div>\n\t\t\t\t<div class=\"elementor-element elementor-element-c57262d elementor-widget elementor-widget-image\" data-id=\"c57262d\" data-element_type=\"widget\" data-e-type=\"widget\" data-widget_type=\"image.default\">\n\t\t\t\t\t\t\t\t\t\t\t\t\t\t\t<img decoding=\"async\" width=\"100\" height=\"100\" src=\"https:\/\/gptq4.probar.com.es\/wp-content\/uploads\/2026\/02\/recuperacion.svg\" class=\"attachment-full size-full wp-image-939\" alt=\"\" \/>\t\t\t\t\t\t\t\t\t\t\t\t\t\t\t<\/div>\n\t\t\t\t<\/div>\n\t\t<div class=\"elementor-element elementor-element-f65cc48 e-con-full e-flex e-con e-child\" data-id=\"f65cc48\" data-element_type=\"container\" data-e-type=\"container\">\n\t\t\t\t<\/div>\n\t\t\t\t<\/div>\n\t\t\t\t<\/div>\n\t\t\t\t<\/div>\n\t\t\t\t<\/div>\n\t\t","protected":false},"excerpt":{"rendered":"<p>Especialistas en la vivienda. En todos los sentidos.<\/p>\n","protected":false},"author":2,"featured_media":0,"parent":0,"menu_order":0,"comment_status":"closed","ping_status":"closed","template":"elementor_canvas","meta":{"footnotes":""},"class_list":["post-3832","page","type-page","status-publish","hentry"],"_links":{"self":[{"href":"https:\/\/gptq4.probar.com.es\/index.php\/wp-json\/wp\/v2\/pages\/3832","targetHints":{"allow":["GET"]}}],"collection":[{"href":"https:\/\/gptq4.probar.com.es\/index.php\/wp-json\/wp\/v2\/pages"}],"about":[{"href":"https:\/\/gptq4.probar.com.es\/index.php\/wp-json\/wp\/v2\/types\/page"}],"author":[{"embeddable":true,"href":"https:\/\/gptq4.probar.com.es\/index.php\/wp-json\/wp\/v2\/users\/2"}],"replies":[{"embeddable":true,"href":"https:\/\/gptq4.probar.com.es\/index.php\/wp-json\/wp\/v2\/comments?post=3832"}],"version-history":[{"count":34,"href":"https:\/\/gptq4.probar.com.es\/index.php\/wp-json\/wp\/v2\/pages\/3832\/revisions"}],"predecessor-version":[{"id":5171,"href":"https:\/\/gptq4.probar.com.es\/index.php\/wp-json\/wp\/v2\/pages\/3832\/revisions\/5171"}],"wp:attachment":[{"href":"https:\/\/gptq4.probar.com.es\/index.php\/wp-json\/wp\/v2\/media?parent=3832"}],"curies":[{"name":"wp","href":"https:\/\/api.w.org\/{rel}","templated":true}]}}